
13
Let u(h) = -4*h - 2. Let z be u(-1). Let l(x) = 5 + 3*x**2 - x**3 - 25*x**z + 15*x**2 - x. What is l(-6)?
-25
Suppose j - b = -5*b - 8, 4*j - 19 = b. Suppose j*v - 5*m + 55 = 0, -5*v + 3*m = 44 + 15. Let n(g) = -g**3 - 11*g**2 - 11*g - 7. Give n(v).
3
Let m(a) be the second derivative of -2*a**2 + 1/20*a**5 - 1 + 11*a + 7/12*a**4 - 1/6*a**3. Give m(-7).
3
Let y = 26076 - 26066. Let n(a) = -2*a**2 + 25*a - 82. What is n(y)?
-32
Let f(p) be the third derivative of 95*p**4/24 - 61*p**3/2 - p**2 - 446*p. Give f(2).
7
Let d(a) = a**2 + 5*a + 13. Let v = -15473 + 15470. Determine d(v).
7
Let r(x) = 263*x + 255*x - 787*x - 6 + 264*x. Give r(-1).
-1
Let i = -156 + 165. Suppose -6*u + i*u = 12. Let o(j) be the first derivative of -j**3/3 + j**2/2 + 2*j + 18. Give o(u).
-10
Let g = 5865/11726 + -1/5863. Let a(y) be the first derivative of g*y**2 + 16*y + 8. Give a(0).
16
Let v(m) be the third derivative of 1/60*m**5 + 2 + 5/3*m**3 + 0*m - 1/3*m**4 + 9*m**2. Let u(q) = 2*q - 5. Let o be u(6). Calculate v(o).
3
Let g(b) = -b**2 + 3*b + 2. Let l = -14 + 21. Suppose -j = l*j - 48. Suppose -j*a - 12 = -0*a. Calculate g(a).
-8
Let s(r) = 151*r - 177. Let i(m) = 44*m - 59. Let c(a) = -14*i(a) + 4*s(a). What is c(9)?
10
Let x(a) = 2*a**3 - 21*a**2 - 8*a - 31. Let p be x(11). Let m(z) = z**3 + 2*z**p - 1 + z**2 - 2 + 2*z**2 + 4*z. What is m(-4)?
-3
Let v(h) = 22*h - 167. Let j(c) = 10*c - 82. Let g(r) = -7*j(r) + 3*v(r). Determine g(19).
-3
Let i(p) = -p + 6. Let o be i(2). Let h(q) = 2 + o*q - 2 + 4 + q**2. Let v = 2105 - 2109. Calculate h(v).
4
Let b(u) = -2*u**2 - 76*u - 208. Let l be b(-35). Let w(s) = 3*s**3 - 8*s**2 + 4*s - 4. Determine w(l).
-4
Let t(o) be the third derivative of o**6/120 - 3*o**5/20 - o**4/3 - 11*o**3/6 + 25*o**2. Let d be ((-70)/98)/(1/(-14)). Calculate t(d).
9
Let a be 1*(1 + 0)*-5. Let s(f) = 3*f**2 - 3 - 674*f - 2*f**2 - 680*f - 2*f**2 + 1352*f + 0*f**2. Determine s(a).
-18
Let u(w) be the first derivative of w**4/2 + w**3 + 3*w**2 + 5*w + 8143. Calculate u(-2).
-11
Suppose -3*o + 4*w = -33, 3*w = -3*o - o + 19. Let g(r) = -3793*r**3 + 3792*r**3 + 283*r**2 - 277*r**2 + 1 + 8*r - 6. What is g(o)?
2
Let k(j) = -2*j - 4. Let n be k(-4). Let s(x) = 0*x + x + 6 - n + 0*x. Suppose 0 = 2*i + 3*w + 2*w + 10, -22 = -2*i + 3*w. Calculate s(i).
7
Suppose 0 = -5*d + 4*v + 3, -v = d - 6. Let u(k) = -59*k**3 - 3*k + 3*k**2 + 121*k**3 - 61*k**d - 4 - 2*k. Calculate u(-4).
0
Suppose 4 = 12*b - 8*b, -36 = -4*t - 4*b. Let o(l) = -l**3 + 7*l**2 + 10*l - 18. Let i be o(t). Let a(s) = -21*s + 2. What is a(i)?
44
Let g be (114/(-95))/(27/(-90)). Let u(t) = -9*t + 37. Calculate u(g).
1
Let v be (-4)/7 + (-53148)/1806. Let n(g) = g**2 + 29*g - 39. What is n(v)?
-9
Let o(c) = -5*c - 4. Let f(n) = 5*n + 42. Let q be f(-6). Suppose -4*u + q*u = 24. Determine o(u).
-19
Let q(y) = -45*y - 62. Let p(u) = -196*u - 247. Let o(a) = 3*p(a) - 13*q(a). Give o(0).
65
Suppose 0*i + 76 = 19*i. Let m(t) = i*t + 125 - 66 - 63 - t**2. Give m(3).
-1
Let c(v) = -v**2 - 81*v + 16185. Let m be c(-174). Let o(f) = 2*f - 3 + 2*f**2 - 2*f**3 + f**3 + 0*f**2. Determine o(m).
-6
Let y(x) = -x**2 + 15*x - 46. Let l be y(6). Suppose l*s = 15*s + 49. Let r(u) = -u**3 - 7*u**2 - 6. What is r(s)?
-6
Let b(p) = -5359*p**3 + 1787*p**3 - 44 + 1783*p**3 + 1790*p**3 - 9*p**2 + 26*p. Determine b(6).
4
Let s(y) = -2*y. Suppose 0*q - 8 = -c - q, 2 = -q. Let a(g) be the third derivative of -g**4/12 + 3*g**3 + 2*g**2. Let f be a(c). Give s(f).
4
Suppose 115*p - 154 = -3*p + 82. Let y(d) be the third derivative of -1/3*d**3 - 17*d**p + 0 + 0*d**4 + 1/60*d**5 + 0*d. Determine y(0).
-2
Suppose 8*d - 24*d = -160. Let b(t) = 4*t**3 - 49*t**2 + 4*t - 33. Let v(a) = a**3 - 12*a**2 + a - 8. Let r(h) = -2*b(h) + 9*v(h). Give r(d).
4
Let k be ((204/85)/6)/((-6)/(-5)). Let c(a) be the second derivative of -k*a**3 - 1/20*a**5 + 15*a + 0 - 5/12*a**4 - 7/2*a**2. Give c(-5).
3
Let n be (-160)/30 + 5 - (4 - 2/(-3)). Let x(h) = -h**3 - 6*h**2 + 3*h - 10. Give x(n).
-50
Let o(q) = -3*q**2 + 1. Let b(i) = 2*i**2 - i + 1. Suppose 27 - 28 = f. Let t(z) = f*o(z) + b(z). Give t(-1).
6
Let l(i) = 5*i**3 - i**2 + 2*i + 90. Let j(h) = 2*h**3 - 2*h**2 + h + 44. Let a(x) = 7*j(x) - 3*l(x). Give a(-11).
27
Let b(w) = 40*w - 10*w - 18*w + w**2 - 6*w - 2*w**2 + 2. Suppose p + 2*p = 2*s - 17, 5*p = -5*s + 30. Calculate b(s).
-5
Let c = 1/20980 + 20977/62940. Let z(x) be the first derivative of -3/2*x**4 - c*x**3 + 1/2*x**2 + x - 47. Determine z(-1).
5
Let b(n) = -n**3 - n**2 + n + 6. Let w be b(0). Let x(o) be the third derivative of -1/10*o**5 + 6*o**2 - 5*o - 1/24*o**4 + 1/120*o**6 + 0*o**3 + 0. Give x(w).
-6
Let h(x) = 16*x + 131. Let l be 464/232 + (2 - 0 - 12). Determine h(l).
3
Let f(o) = -4*o**3 - 19*o**2 + 27*o + 31. Let j(n) = n**3 - 2*n**2 - 1. Let k(r) = -f(r) - 3*j(r). Calculate k(-26).
-2
Suppose 5*z + 29 = -3*t, -2*t + z - 26 = 6*z. Let h(u) = -u**2 - u. Let q(c) = 2*c**2 + 6*c + 3. Let x(p) = 5*h(p) + q(p). Determine x(t).
-27
Let x(u) = u**2 - 7*u + 5. Let f(m) = m**3 - 10*m**2 - 75*m + 2. Let o be f(15). Let z(s) = 16*s - 29. Let q be z(o). Determine x(q).
-7
Let c(n) = -n**2 + 49*n + 90. Let r = -19996 - -20047. What is c(r)?
-12
Let i(y) = 3*y - 1. Let k = -9 - -22. Suppose -33 = -4*s - k, -2*d - 4*s = -8. Let b be (d/4 - -1)/((-6)/48). Calculate i(b).
11
Suppose 151*j - 115*j - 144 = 0. Let w(c) be the third derivative of -1/6*c**j + 0 - 5/6*c**3 + 1/60*c**5 + 0*c + 8*c**2. Give w(5).
0
Let h = 112 - 110. Let q(l) = l**3 - 8*l**2 - 6*l + 2. Let p(s) = 2*s**3 - 17*s**2 - 13*s + 5. Let c(t) = h*p(t) - 5*q(t). Let f = 7 - 0. Calculate c(f).
-21
Let l = -5 + 11. Let g(u) = -u**3 - 114*u + 54*u + 8*u**2 + 67*u - 5. Let i(h) = -h**3 + 9*h**2 + 7*h - 5. Let r(j) = l*g(j) - 5*i(j). Give r(4).
7
Let a(v) = v**2 + v - 10. Let w = 37 - 39. Let q be (-6)/12*206 + (-1 - w). Let n = q - -102. Calculate a(n).
-10
Let y(q) = 20*q**2 - 3*q + 4. Let d be 3 - (3 + -6 + 9). Let w be y(d). Let i(k) = 3*k**2 - k**3 + 189*k - 7*k**2 - w*k. Give i(-3).
3
Let k = 136 + -123. Suppose 14*g = k*g + 3*g. Let y(r) = r**3 - r + 3. Determine y(g).
3
Let q(t) = -73*t + 13. Let g(c) = 67*c - 14. Let r(f) = -11*g(f) - 10*q(f). Determine r(8).
-32
Let j(u) = -3*u**3 - 16*u**2 + 33. Let x be j(-5). Let i(n) = n**2 - 4*n + 17. Determine i(x).
49
Let i(u) = -748 - 747 - 17*u - 17*u + 1499. Determine i(2).
-64
Let t(d) = -15*d - 68 - 5*d - 5*d + 11*d + 116. Give t(4).
-8
Let d = -393 - -395. Let j(q) = 7*q + 18*q**d - 25*q**2 + 8*q**2 - 9. What is j(-9)?
9
Let q(h) = -4*h**3 + 3*h**2 - 7*h + 24. Let k(n) = 3*n**3 - n**2 + 6*n - 21. Suppose 4*a = s - 19, a = 5*a - 2*s + 18. Let r(o) = a*k(o) - 4*q(o). Give r(7).
-5
Let x(r) = -27*r**2 + 7*r + r**3 - 1 - 13 + 25*r**2. Give x(2).
0
Let z(q) = 4*q**3 + 40*q**2 - 23*q - 4. Let y(g) = -g**3 - 13*g**2 + 8*g + 2. Let p(t) = 7*y(t) + 2*z(t). Let u = 162 - 152. Calculate p(u).
6
Let q(i) = -i**3 - 2*i**2 - 3*i - 1. Let u(m) = -3*m**2 - 8*m - 12. Let b(k) = -2*q(k) + u(k). Give b(0).
-10
Let h(l) be the second derivative of l**4/6 - 25*l**3/6 - 75*l**2/2 + 13555*l. Calculate h(15).
0
Let d be ((-8)/15)/((-12)/30)*-3. Let z = -18 - -30. Let m(f) = 10*f + 26 + f**2 - 16 - z - 2*f. Give m(d).
-18
Let s(d) = -79*d + 137*d + d**2 - 70*d + 2. Let t(y) = 16*y**3 + 66*y**2 + 8*y + 12. Let a be t(-4). Calculate s(a).
2
Let m(u) = -17*u - 15 - 243*u**2 - 225*u**2 - 3*u**3 + 4*u**3 + 472*u**2. What is m(-6)?
15
Let d(a) = 68*a**2 + 2*a + 21. Let j(q) = 95*q**2 + 3*q + 32. Let x(s) = 7*d(s) - 5*j(s). Determine x(0).
-13
Let u(a) = a - 7. Let k be u(9). Let y(s) = -s + 3. Let n(r) = r - 4. Let b(m) = k*n(m) + 3*y(m). Let c = 49287 + -49286. Determine b(c).
0
Suppose 3*r + 32 = j - 5, -4*j = 8. Let q(z) = 2*z - 54. What is q(r)?
-80
Let h(m) = 2*m + 4. Let i be h(3). Let u(j) = -3*j**2 - 10*j**2 + 32*j**2 + 12 - 3*j + 12*j**2 - j**3 - 9*j**2 - 12*j**2. What is u(i)?
-18
Let m(u) = u**2 + 11*u - 116. Let y(p) = -70*p - 3728. Let s be y(-53). Give m(s).
10
Let d(g) = -27*g. Suppose -22*b - 660 - 308 = 0. Let v be ((-2)/4)/(b/(-88)). What is d(v)?
27
Let k(d) = d**2 + 4. Suppose 0 = -587*n + 588*n - 99. Let s = n - 99. Calculate k(s).
4
Let r(t) = -t**2 - 3*t + 2. Let v(w) = w**3 + 13*w**2 + 27*w + 58. Suppose 2*p + 2